88.
2, 3, 7, 11, 29, 1163
What are the prime factors of 13228986?
2, 3, 2204831
List the prime factors of 1131603184.
2, 191, 349, 1061
What are the prime factors of 140571125?
5, 47, 71, 337
List the prime factors of 64252781.
41, 1567141
List the prime factors of 230837729.
23, 103, 97441
What are the prime factors of 2620984575?
3, 5, 11, 3176951
List the prime factors of 259781688.
2, 3, 23, 52291
What are the prime factors of 227571043?
7, 151, 30757
List the prime factors of 41607953.
29, 1434757
List the prime factors of 96782959.
7, 13, 661, 1609
What are the prime factors of 310357748?
2, 73, 1062869
What are the prime factors of 3621249702?
2, 3, 7, 47, 293, 2087
List the prime factors of 633955922.
2, 12911, 24551
What are the prime factors of 500631506?
2, 12277, 20389
List the prime factors of 113991871.
7, 277, 58789
What are the prime factors of 107932116?
2, 3, 17, 47, 11257
What are the prime factors of 63256734?
2, 3, 1171421
List the prime factors of 2881562385.
3, 5, 13, 257, 4423
What are the prime factors of 284081367?
3, 191, 359, 1381
List the prime factors of 45934723.
19, 37, 181
What are the prime factors of 4509337536?
2, 3, 11, 711701
What are the prime factors of 2664617172?
2, 3, 7, 31721633
List the prime factors of 120364398.
2, 3, 7, 11, 86843
List the prime factors of 833684859.
3, 7, 53, 83227
What are the prime factors of 105224497?
7, 449, 33479
What are the prime factors of 5862861780?
2, 3, 5, 47, 223, 9323
List the prime factors of 393199009.
7, 31, 43, 42139
What are the prime factors of 97763765?
5, 11, 283, 571
List the prime factors of 180353917.
733, 246049
List the prime factors of 546717451.
7, 11157499
List the prime factors of 1708393.
409, 4177
List the prime factors of 59084466.
2, 3, 7, 1406773
List the prime factors of 1703691674.
2, 193, 373, 11833
List the prime factors of 1079818123.
1079818123
List the prime factors of 74986151.
74986151
List the prime factors of 82194400.
2, 5, 127, 809
What are the prime factors of 2544845554?
2, 73, 271, 64319
List the prime factors of 384919779.
3, 193, 389, 1709
What are the prime factors of 32482967?
11, 2952997
What are the prime factors of 550169635?
5, 239, 460393
List the prime factors of 250893527.
250893527
List the prime factors of 53834173.
163, 330271
List the prime factors of 396574771.
1889, 209939
List the prime factors of 751327178.
2, 7, 53666227
What are the prime factors of 672842?
2, 23, 14627
List the prime factors of 5006992.
2, 312937
What are the prime factors of 183675099?
3, 83, 277, 2663
List the prime factors of 2231642233.
3803, 586811
What are the prime factors of 234408981?
3, 101, 449, 1723
List the prime factors of 337866619.
17, 23, 743, 1163
List the prime factors of 6052411297.
19, 4217, 75539
List the prime factors of 2647244414.
2, 107, 109, 113489
List the prime factors of 123233442.
2, 3, 17, 43, 28097
List the prime factors of 3130447281.
3, 13, 80267879
What are the prime factors of 5379918?
2, 3, 449, 1997
List the prime factors of 204001256.
2, 883, 28879
List the prime factors of 33565284.
2, 3, 43, 21683
What are the prime factors of 62726812?
2, 15681703
What are the prime factors of 1457229414?
2, 3, 101, 2404669
What are the prime factors of 3974153204?
2, 7, 163, 409, 2129
List the prime factors of 213986994.
2, 3, 13, 2743423
List the prime factors of 1008098312.
2, 13, 113, 85781
What are the prime factors of 160215170?
2, 5, 16021517
List the prime factors of 243904110.
2, 3, 5, 8130137
What are the prime factors of 52950855?
3, 5, 131, 26947
List the prime factors of 53621476.
2, 1237, 10837
What are the prime factors of 1442572186?
2, 11, 1879, 34897
List the prime factors of 3651416963.
5923, 616481
What are the prime factors of 25710132?
2, 3, 7, 349, 877
What are the prime factors of 1853214702?
2, 3, 308869117
List the prime factors of 446551496.
2, 55818937
What are the prime factors of 45859767?
3, 15286589
What are the prime factors of 113170865?
5, 41, 552053
List the prime factors of 7831337710.
2, 5, 7, 179, 625007
List the prime factors of 93301475.
5, 31, 131, 919
What are the prime factors of 100373520?
2, 3, 5, 13, 53, 607
List the prime factors of 796034797.
796034797
What are the prime factors of 889231865?
5, 23, 7732451
What are the prime factors of 420683247?
3, 41, 293, 1297
What are the prime factors of 188435642?
2, 23, 4096427
List the prime factors of 181488592.
2, 463, 24499
List the prime factors of 22592826.
2, 3, 1255157
What are the prime factors of 1043628823?
4729, 220687
List the prime factors of 21197302.
2, 7, 73, 2963
List the prime factors of 264790460.
2, 5, 11, 19, 63347
List the prime factors of 750901378.
2, 23, 59, 337, 821
List the prime factors of 163058662.
2, 13, 17, 368911
List the prime factors of 104550390.
2, 3, 5, 7, 263, 631
List the prime factors of 400671599.
379, 1057181
What are the prime factors of 579627230?
2, 5, 7, 13, 636953
List the prime factors of 1555830305.
5, 3259, 95479
What are the prime factors of 51682423?
13, 467, 8513
List the prime factors of 81166197.
3, 7, 37, 14923
What are the prime factors of 151203037?
2153, 70229
What are the prime factors of 4864924594?
2, 2432462297
List the prime factors of 259915921.
131, 1984091
What are the prime factors of 156133392?
2, 3, 3252779
List the prime factors of 94272530.
2, 5, 11, 41, 20903
What are the prime factors of 160576255?
5, 7, 4587893
What are the prime factors of 47318932?
2, 439, 26947
List the prime factors of 89184162.
2, 3, 3347, 4441
What are the prime factors of 1466435922?
2, 3, 7, 19, 1837639
What are the prime factors of 133147359?
3, 14794151
What are the prime factors of 151983347?
181, 479, 1753
What are the prime factors of 47688758?
2, 13, 199, 709
What are the prime factors of 690507054?
2, 3, 17, 2256559
List the prime factors of 25353751.
23, 1102337
List the prime factors of 2824491765.
3, 5, 43, 101, 191, 227
What are the prime factors of 74398292?
2, 59, 315247
What are the prime factors of 4799214287?
7, 41, 179, 93419
List the prime factors of 109271933.
953, 114661
What are the prime factors of 14682184?
2, 11, 166843
List the prime factors of 43537432.
2, 5442179
What are the prime factors of 702745742?
2, 19, 61, 73, 4153
List the prime factors of 121290397.
121290397
What are the prime factors of 1907080824?
2, 3, 11, 7223791
What are the prime factors of 12182077?
12182077
List the prime factors of 1094557310.
2, 5, 7, 11, 37, 103, 373
List the prime factors of 6204876113.
19, 326572427
List the prime factors of 780485146.
2, 7, 55748939
List the prime factors of 2883950041.
7, 499, 825637
List the prime factors of 58182222.
2, 3, 7, 1385291
List the prime factors of 48654153.
3, 17, 318001
List the prime factors of 293811350.
2, 5, 7, 119923
List the prime factors of 44029157.
44029157
What are the prime factors of 88075024?
2, 1709, 3221
List the prime factors of 82123981.
197, 416873
What are the prime factors of 18982955?
5, 59, 229, 281
What are the prime factors of 26260225?
5, 29, 1249
List the prime factors of 121439875.
5, 101, 9619
What are the prime factors of 147182541?
3, 11, 4460077
List the prime factors of 539986869.
3, 3433, 17477
List the prime factors of 165999195.
3, 5, 3688871
List the prime factors of 1643807370.
2, 3, 5, 3049, 17971
List the prime factors of 170293679.
23, 7404073
What are the prime factors of 78249416?
2, 7, 1397311
List the prime factors of 5275191467.
7, 13, 67, 865211
List the prime factors of 33386765.
5, 37, 251, 719
List the prime factors of 4125710854.
2, 41, 47, 1070501
What are the prime factors of 133172470?
2, 5, 1223, 10889
What are the prime factors of 360504607?
83, 4343429
List the prime factors of 59966143.
59966143
What are the prime factors of 126419482?
2, 7, 41, 220243
List the prime factors of 1014984896.
2, 463, 34253
List the prime factors of 1793424294.
2, 3, 457, 72673
List the prime factors of 444578240.
2, 5, 239, 5813
What are the prime factors of 1777757284?
2, 1811, 245411
What are the prime factors of 1772243670?
2, 3, 5, 59074789
List the prime factors of 2008326370.
2, 5, 41, 59, 83023
What are the prime factors of 2002931258?
2, 1001465629
List the prime factors of 7